 q*p + 0 = -3. Determine u(p).
-9
Let l(j) be the first derivative of 3*j + 3 - 1/2*j**2. Suppose 11*m - 26 = 7. What is l(m)?
0
Let u(r) = -2*r + 6. Let i(m) be the first derivative of -7*m**2/2 - 2*m + 7. Let s be i(-1). What is u(s)?
-4
Let t be -70 + 64 - (-3)/((-3)/8). Let f(g) = -g**3 - 13*g**2 + 13*g - 9. What is f(t)?
5
Let f(o) = 2*o**2 + 33*o**3 + 5 - 4*o - 34*o**3 + 11*o**2 - 6*o**2 - 3*o. Give f(4).
25
Let t(d) = -9*d - 6. Let k be 54/36*(-7)/(105/50). Give t(k).
39
Let k(a) = a**2 - 5*a + 6. Let h = -10 - -11. Suppose -3*w + 5*l = -2, -h = w - 4*w + 4*l. Let m be (-1)/w - (1 - 4). What is k(m)?
2
Let m(b) = -7 + 133*b - 247*b + 118*b + b**2. Let n = 10 - 16. Determine m(n).
5
Let a = -700 - -696. Let d(m) be the second derivative of -m**6/360 - m**5/30 + m**4/24 - m**3/6 - 2*m. Let u(l) be the second derivative of d(l). What is u(a)?
1
Suppose 0*d - 3*d = 15. Let o = 12 + d. Let z = o + -11. Let p(u) = -u**3 - 4*u**2 + 3*u + 5. Determine p(z).
-7
Let t(v) = v**2 - v + 13. Let n be (-22)/(-4) - 60/40. Suppose n*k = -k. Calculate t(k).
13
Let l(q) = -q + 6. Suppose 0 - 12 = -2*z. Suppose -3*n - o = o - z, 2*n + 3 = o. Suppose h = n, -v + 5 = 2*h - 0*h. Calculate l(v).
1
Let t(f) = 9*f + 1. Let r = 7 + -3. Suppose -z = -r*z + 3. Give t(z).
10
Let a(p) = p + 4. Let g(t) = -11*t + 12 - 11 + 9*t. Let n be g(2). Give a(n).
1
Let r = 1044 + -1056. Let o(h) = 2*h + 4. Give o(r).
-20
Let r(v) = 4*v**3 - v**2 - 1. Let f be 2/9 + (-86)/(-18). Let m be (28/35)/(4/10). Let u(a) = -9*a**3 + 2*a**2 + 3. Let q(l) = f*r(l) + m*u(l). Calculate q(-1).
-2
Let g = -20 + 27. Suppose 0 = 4*c - g*c. Let b(p) = p - 5. Determine b(c).
-5
Let k(z) = z**2 - 5. Suppose 2*p - 3*u = 93, 0 = 3*p - p - 5*u - 83. Let d be (p/(-36))/((-3)/(-4)). Let b be (d + 2)/(3/3). What is k(b)?
-5
Let c(j) = j + 4. Let z be c(0). Let r(u) = -2*u - 2*u + 3*u + z*u. Determine r(2).
6
Let i be -3 - (-1 - (-7 + 2)). Let z(w) = -9*w**2 - 3*w + 25. Let g(u) = -5*u**2 - u + 13. Let r(k) = -7*g(k) + 4*z(k). Calculate r(i).
-5
Let s(l) = l + 1. Let p be s(-3). Let z(y) = -y + 10. Let k(t) = -t + 21. Let n(j) = p*k(j) + 5*z(j). Calculate n(6).
-10
Let n(q) = 8*q + 0*q - 7*q - 13 + 3. Suppose 3*b - 1 = 2*h - 5, 2*h + 4*b = 32. Let o = h - 3. Determine n(o).
-5
Let y(a) = 6*a**3 - 3*a**2 - 3*a + 29. Let x(n) = n**3 + n**2 - 2*n + 6. Let m(c) = 5*x(c) - y(c). Suppose 3*p - h = 19, 3*h - 25 = -4*p + 9. Calculate m(p).
1
Let d(k) = -6*k**2 + k**3 - 23*k + 1 - 11*k + 35*k. Calculate d(6).
7
Let h(g) = -g**3 + g**2 + g + 3. Let t(x) = x**2 - 5*x + 6. Let s be 6/8*6/(-9)*-6. Let d be t(s). Give h(d).
3
Let t(b) = -b**3 + 6*b**2 - b + 6. Let q = 43 + -36. Let x be 1/((-1)/(-3)*3). Let k = q - x. Calculate t(k).
0
Suppose 12*w = 10*w + 4. Suppose x = 3*x + w*k - 2, -x - 2*k + 5 = 0. Let n(c) be the first derivative of -c**2/2 + 1. What is n(x)?
3
Let s(l) = l + 3. Let y(x) = x + 2. Let u be y(-8). Give s(u).
-3
Let k(f) = -30*f**2 - 2*f - 1. Let x(i) = -5*i**3 + 47*i**2 - 17*i - 10. Let d be x(9). Give k(d).
-29
Let g(z) be the second derivative of z**4/12 - z**3/6 - 6*z**2 - 3*z. Let h(u) be the first derivative of g(u). Give h(-2).
-5
Let x be (2 - (-84)/(-45)) + 387/135. Let s(w) = w - 7. What is s(x)?
-4
Let t(g) be the second derivative of -g**5/20 + g**3/3 + g**2/2 - g. Let k be 1380/(-138) + 14 + -2. Calculate t(k).
-3
Let o(w) be the first derivative of -w**2/2 - 9*w + 32. Give o(4).
-13
Let d(u) = 12*u**2 - 7*u - 5. Let n(m) = -7*m**2 + 4*m + 3. Let j(h) = -4*d(h) - 7*n(h). Give j(-2).
3
Suppose -3*g + 2 + 4 = 0. Let z be (-7 - -1)*(-1)/g. Let k(c) be the third derivative of c**6/120 - c**5/20 + c**4/12 - c**3/2 + 229*c**2. What is k(z)?
3
Let b(s) = -4*s**3 - s**2 + 8*s + 5. Let g(r) = -4*r**3 - r**2 + 10*r + 6. Let v(y) = 5*b(y) - 4*g(y). Let o(u) = u - 1. Let q be o(0). Give v(q).
4
Let m = -133 - -136. Let r(p) be the first derivative of m + p**2 - 4*p + 2*p**3 - 1/4*p**4. Calculate r(6).
8
Let f(r) = 6*r - 4*r - 3*r + 3. Let i(l) = l**3 + 3*l**2 - 5*l + 2. Let t be i(-4). Give f(t).
-3
Let w(c) = -c**3 + 6*c**2 - 3*c - 1. Let p(t) = -t**3 - 5*t**2 - 4*t + 5. Suppose 0 = 6*o - 2*o - 12. Let i be 8/(-18)*o*3. Let l be p(i). What is w(l)?
9
Suppose 5*n - 1012 = -1007. Let b(p) = 3*p**2 - p. What is b(n)?
2
Suppose 10 = 4*d - 2. Suppose 0 = n - d*n. Let u(w) = -1. Let o(j) = j - 1. Let q(m) = o(m) + 5*u(m). Determine q(n).
-6
Let h be (-8)/20 - 111/(-15). Let w(y) be the third derivative of -y**6/120 + 7*y**5/60 - y**4/24 + 2*y**3/3 - 120*y**2. Calculate w(h).
-3
Let w(z) = z**3 + 5*z**2 + 2*z. Let u(h) = h + 4. Let f be u(6). Suppose f = -5*v, 2*j - j - 5*v - 5 = 0. Calculate w(j).
-10
Let y(c) = -3*c + 5. Let i(n) = -15*n + 25. Let q(d) = 2*i(d) - 11*y(d). Let t = 38 - 23. Suppose -10 = -17*f + t*f. Calculate q(f).
10
Let d(k) be the first derivative of -k**6/120 + k**5/15 - 5*k**4/24 + k**3/2 - 3*k**2 + 12. Let f(n) be the second derivative of d(n). Give f(3).
-3
Suppose 0 = -107*x + 125*x - 90. Let g(b) be the second derivative of 0 + 5/6*b**3 - 7/12*b**4 + 13*b - 1/2*b**2 + 1/20*b**x. Give g(6).
-7
Let t(a) be the third derivative of a**4/24 + a**3/2 + 2*a**2 + 219. Let j = 20 + -12. Determine t(j).
11
Let l(k) = k - 3. Suppose 0 = 5*p - p - 8. Let q(o) = 2*o - o - 3*o + p + 8. Let c be q(5). What is l(c)?
-3
Let x be 1 - 0 - 2 - -2. Let i(d) = -19*d**2 + 6*d + 1. Let q(y) = -38*y**2 + 13*y + 2. Let k(u) = 13*i(u) - 6*q(u). Calculate k(x).
-18
Let b(a) be the first derivative of -a**3/3 + 9*a**2/2 - 12*a - 41. Give b(5).
8
Let q = 4 + -2. Let z(n) = -20*n - 4. Let k(g) = 4*g + 1. Let f(u) = q*z(u) + 11*k(u). Let d be 1/(1/(-2)) + 0. What is f(d)?
-5
Let z(t) = -t + 11. Let b be z(9). Let n(u) = b - 5*u + 9 - 14. Let p(f) = -f - 1. Let d(c) = -n(c) + 4*p(c). What is d(4)?
3
Let a(c) = -12*c**3 + 6*c**2 + 38*c**3 - 14*c**3 - 11*c**3 + 3 - 43*c + 39*c. Let x(w) = w**2 - 6*w + 2. Let n be x(4). Determine a(n).
27
Let a(f) = f**2 + 2*f + 8. Let i(r) = r + 1. Let q = 1 + 0. Let g(l) = q*a(l) - i(l). Let k(z) = z**2 - 9*z - 10. Let t be k(-1). What is g(t)?
7
Let k(v) = v**3 - 3*v**2 - 9*v - 7. Let x(y) = y + 1. Let n(h) = k(h) + 5*x(h). Let b(l) = l**2 + 4*l + 4. Let u be b(-4). Determine n(u).
-2
Let c(p) = p - 1. Let w(o) = -3*o + 3. Let q(r) = 17*c(r) + 6*w(r). Let k(t) = t**2 + 4*t - 2. Let l(m) = -k(m) - 4*q(m). What is l(-2)?
-6
Let l(o) = -o**3 - 6*o**2 - 4*o + 7. Let n be l(-5). Suppose 0 = -b - n. Let q(y) = 48 - 38 - 4*y - 13*y**2 + 12*y**2 - 13. Give q(b).
1
Let m(j) be the first derivative of -9/2*j**2 + 3*j + 31 + 1/3*j**3. Suppose 2*l - 14 = -0*l. What is m(l)?
-11
Let z(w) = -w - 11. Let s be (3 - 12/3) + -5. Let n be z(s). Let x(i) = i**2 + 8*i + 4. Give x(n).
-11
Let b(m) = 3*m**2 - 82*m - 65. Let o be b(28). Let s(w) = w**3 + 10*w**2 + 10*w - 13. Determine s(o).
-22
Let s(y) = -4*y - 10. Let o(t) = -2*t - 5. Let f(v) = 9*o(v) - 4*s(v). Let l(p) = -2*p**2 + 48*p - 93. Let g be l(22). What is f(g)?
5
Let r(j) = -98 + 40 - j + 50. Let p(x) = 2*x + 16. Let z(l) = -3*p(l) - 5*r(l). Determine z(-6).
-2
Let u(k) be the first derivative of -k**2 - 1. Suppose -3*q = -4*j + 2*q + 9, -3*q = 3*j - 27. Determine u(j).
-12
Suppose 78*u = 18*u - 360. Let i(v) = -v**2 - 5*v + 13. Give i(u).
7
Let k(j) = -j + 6. Let v be (2/1)/((2 + -3)*1). Let h be v/(-10)*1 - (-240)/50. Determine k(h).
1
Let m(o) be the third derivative of o**6/120 + o**5/15 + o**4/24 + o**3/6 - o**2 - 3*o. Calculate m(-3).
7
Let c be (-7 - -4 - -4)*-3. Let p(n) = 13*n**2 - 21*n**2 + 11*n**2 + n**3 + 0*n**3 + 2. Give p(c).
2
Let f(k) = 6*k - k**3 - 3 - 22*k**2 + 17*k**2 + 8*k**2. What is f(4)?
5
Let p(r) = -r**3 - 8*r**2 + 8*r - 7. Let d(z) = -z**3 + 11*z**2 + 13*z - 10. Let y be d(12). Suppose 0*g - y*g = 18. Give p(g).
2
Let l(h) = -h**2 - 7*h - 8. Let d(g) = -g + 5. Let r be d(4). Let m be 2 + r*(-6)/2 + -5. Determine l(m).
-2
Suppose -14*a = -11*a - 66. Let c(x) = x**2 + 2*x + 7. Let m be c(-5). Let j be (-40)/m - 4/a. Let v(g) = 3*g**2 + 2*g + 1. Give v(j).
9
Let c(v) = 11*v - 20*v + 19*v + 8. Determine c(-5).
-42
Let h(j) = -3*j - 51. Let g be 4 + (-2 - -3) + 624/(-24). Give h(g).
12
Suppose 2*u = -4, 2*y - 4*u = -4 + 10. Let n(k) = 8*k**2 + k + 1. Let g be n(y). Let z(p) = 5 - g + p + 6. Determine z(-5).
-2